of z?
4
Suppose 42*j - 44*j + 10104 = 4*k, j - 10104 = -4*k. What is the tens digit of k?
2
Suppose 3*x + 3*w - 60270 = 0, 2*x - 30925 - 9249 = -4*w. What is the hundreds digit of x?
0
Let n(a) = -a - 39. Let j(y) = 38. Let b(v) = -5*j(v) - 4*n(v). Let i be b(9). What is the tens digit of (-2 - (196/1)/(-4))*i?
9
Suppose -4*o = -2*s + 10, 5*o + 0*o + 3*s - 4 = 0. Suppose 5 = -4*t + 13. What is the units digit of 64 + (-3 + t)/o*3?
7
Suppose 30*c - 315 = 75. Suppose c*w = -4*b + 8*w + 2154, 5*w = 5*b - 2715. What is the hundreds digit of b?
5
What is the thousands digit of (427160/177)/(256/(-690) + (-14)/(-35))?
3
Suppose 50548 = 3*l - 3*z + 2986, 3*z = -15. What is the thousands digit of l?
5
Let o(b) = 60*b + 268. Let g be 15/(-4)*17/((-1190)/168). What is the tens digit of o(g)?
0
Suppose -j + 2*h = 4, -5 = 3*j - 5*h + 4. Let u be (385 - 23) + -1*j. Suppose 3*q - 7*q + u = 0. What is the units digit of q?
0
Suppose 0 = -42*y - 4*y + 230. Suppose 0 = -y*l + 7261 + 2024. What is the thousands digit of l?
1
Suppose 2*j - 29*f + 25*f = -128, -2*f = -2*j - 124. Suppose u = 3*u - 48. What is the tens digit of (-6285)/j - 2*(-3)/u?
0
Let g = 4806 - -11858. What is the units digit of g?
4
What is the hundreds digit of 18272/2 - (-172)/(-86)?
1
Let q be (-125)/15*12/(-10). Suppose 0 = -10*x + 390 + q. What is the tens digit of x?
4
Let j be -6 - (3 + 0 + -14). What is the tens digit of ((-16)/1)/(j/(-4 + -116))?
8
Let g be (264/15)/(4/(-40)). What is the units digit of g/(-220) - (-2412)/10?
2
Suppose -2*x + 3760 = 205*w - 201*w, x - 1890 = 3*w. What is the hundreds digit of x?
8
Suppose 2229 = 5*d - b - 0*b, -5*d + 2233 = 3*b. Let n = d - -114. Suppose 3*u - 4*a = 512, -2*u + 4*a = 212 - n. What is the hundreds digit of u?
1
Let o be -21 + 27 - (0 + 0)/1. What is the hundreds digit of (0 + o)*((-486)/(-12) + -2)?
2
Let i = 32861 + -19081. What is the thousands digit of i?
3
Let f(x) = -x**3 + 6*x**2 - 2*x - 15. Let s = 113 - 108. Let z be f(s). Suppose z = -26*q + 20*q + 600. What is the hundreds digit of q?
1
Suppose -i + 4*i - 28 = -4*a, i - 2*a = 26. Suppose -4*s = -i, 4*n - 5*s + 9 = -11. What is the units digit of (n + -3)/((-2)/94)?
1
Let z(w) = 6*w**3 - 32*w**2 - 31*w + 25. What is the hundreds digit of z(14)?
7
Suppose x + 83 - 80 = 0. Let i(j) = 18*j**2 - 3*j + 13. What is the hundreds digit of i(x)?
1
Suppose -4*w + 4 = -5*k, 2*k + 0*w + 2 = 2*w. Let j be (0 - -1 - -3) + k. Suppose -2*c + 23 = g, -j = -g + 5*c - 2. What is the units digit of g?
7
Suppose 2*c = 5*v - 50 - 93, 69 = 3*v + 3*c. Suppose v*a - 5 = 26*a. Suppose -i - 2*b - 412 = -a*i, -3*b = 6. What is the tens digit of i?
0
Let g = -79984 - -113332. What is the thousands digit of g?
3
Let f(t) = -2*t**3 - 8 - 4*t**2 + 7*t - 3*t**2 - 2*t + 3*t**3. Let s be f(7). Suppose -5*r = -812 + s. What is the hundreds digit of r?
1
What is the units digit of (-188)/(-282)*(215637/6 - 4)?
7
Suppose 294*b - 3282 = -i + 291*b, 3*i = -b + 9830. What is the units digit of i?
6
Suppose 3*u + 3*r - 15387 = 0, -193*u + 198*u + 3*r = 25641. What is the thousands digit of u?
5
Suppose 760 = 2*v - 3*w - 76871, 2*v = -6*w + 77640. What is the ten thousands digit of v?
3
Let l = 81574 + -52406. What is the hundreds digit of l?
1
Suppose 189750*b = 189762*b - 85896. What is the thousands digit of b?
7
Let i be 4290/33 - 4*(0 - 1). Suppose -3*v + 2*v + 3*w = 27, -4*w = 0. Let c = i + v. What is the units digit of c?
7
Let a(m) = m**3 + 5*m**2 - 5*m - 10. Let u be a(-5). Suppose -35 = u*x - 5. What is the tens digit of x/(-6) + 1045/15?
7
Let z(c) = -c**3 + c**2 + 2*c + 17. Let p be z(0). Suppose 0 = -2*i + 19 - p. What is the tens digit of i/(-6) - 398/(-12)?
3
Let v(h) = 2*h**3 - 3*h**2 + 78*h + 15. What is the thousands digit of v(17)?
0
Suppose 3*i + 682 = -4*w, -w + 513 = -4*w - 3*i. Let l = w + 409. Suppose 3*v + 2*v = l. What is the units digit of v?
8
Suppose 0*v + 3*v = -126. Let s = 47 + v. Suppose -3*d - 4 = -5*d, -w = -s*d + 4. What is the units digit of w?
6
Suppose 4*l = -3*o + 7939, -3942 = -2*l + 15*o - 11*o. What is the hundreds digit of l?
9
Let z = -840 - -1727. Let i = -423 + z. What is the units digit of i?
4
Suppose -5*j - 2*r = -852, 168 + 680 = 5*j - 2*r. Let d = j - -123. What is the units digit of d?
3
Let z = 5561 + -2954. What is the tens digit of z?
0
Let z(l) = 13741*l - 13096. What is the hundreds digit of z(5)?
6
Suppose -4*c - 2*t + 25130 = 0, 16*t - 18*t + 6 = 0. What is the units digit of c?
1
Suppose 11*o + 7882 = 22046 + 32388. What is the tens digit of o?
3
Let m(j) be the third derivative of -j**6/120 - 17*j**5/60 + j**4/24 + 19*j**3/6 - 2*j**2 - 6. Let p be m(-15). Let u = -311 - p. What is the tens digit of u?
3
Suppose 4*h + 2*p + 184 = -p, 2*p = -8. Let x be ((-39)/12)/(1/(-4)). Let k = x - h. What is the units digit of k?
6
Let n(h) = 0 + 29 - 102 + 48*h + 26. What is the tens digit of n(4)?
4
What is the tens digit of (390/(-8))/(-5)*(-131560)/(-138)?
9
Let y = 10838 + 5850. What is the tens digit of y?
8
Let q be (-2 + -2)/2 - 5. Suppose b - 1 = 0, 3*d - 832 = 4*d - 2*b. What is the units digit of d/(-14) - ((-30)/q - 4)?
9
Let j(v) be the second derivative of v**5/20 + 5*v**3/6 + v**2 + 1271*v. Suppose -3*o - 4 = y, 11 = -y + 2*y - 2*o. What is the tens digit of j(y)?
5
Suppose -z - 84743 = -5*s - 12024, 4*s + 4*z - 58156 = 0. What is the units digit of s?
3
Let t(a) = -9*a**2 - 3*a - 81. Let w be t(-7). What is the hundreds digit of (w/2)/((-4)/8)?
5
What is the tens digit of ((-1)/(-10))/((-13)/(-189670))?
5
Let s be (3/5)/(8/11240). Let a = s + -72. What is the tens digit of a?
7
Let t(c) = -9 + 16 + 7*c - 11. Let a be t(11). Suppose a + 157 = 5*w. What is the tens digit of w?
4
Let x = -304 + 302. What is the hundreds digit of (-1)/((-2)/x)*-9*19?
1
Let h(p) = -p**3 - 81*p**2 - 828*p - 329. What is the tens digit of h(-71)?
4
Let c(o) be the third derivative of 0*o - 6*o**2 + 0 - 13/24*o**4 + 7/6*o**3. What is the tens digit of c(-7)?
9
Let w = 119 - 116. Let i(n) = 8*n**3 + n**2 + 4*n - 6. What is the units digit of i(w)?
1
Let p(u) = -u**3 + 6*u**2 + 7*u - 1. Let t be p(7). Let n be (t/(-2))/((-5)/80). Let w(x) = -x**3 - 6*x**2 + 2*x - 40. What is the units digit of w(n)?
2
Let l = 183 - 177. Let h(s) = 30*s - 16 - 3 + 3*s. What is the units digit of h(l)?
9
Let q(c) = c**3 + 10*c**2 - c - 21. Let v be q(-10). Let s = 6 - v. Suppose -5*g + s = -13. What is the units digit of g?
6
Let w be 1/(-6) + 2 + 22267/42. Suppose n + 6*i - 3*i = 261, w = 2*n + i. What is the units digit of n?
7
Suppose -8*f + f + 194180 = 3*f. What is the thousands digit of f?
9
Let r(i) = 2*i**2 - 6*i - 17. Let u be r(5). What is the units digit of (-9 - (u + -8 + 0)) + 1182?
8
Suppose -35*d + 2786810 = 539005. What is the tens digit of d?
2
Suppose -184*v = 20*v - 2630971 - 4387853. What is the units digit of v?
6
Let n = 47 + -118. What is the units digit of (n/5 - 1)*640/(-256)?
8
Suppose 28 + 0 = 7*a. Suppose 0 = a*k - 52 + 8. Suppose 2*t - 121 = k. What is the units digit of t?
6
Let a(r) = -26*r - 78. Let d be (-12 + 10)/((-2)/(-21)). What is the tens digit of a(d)?
6
Suppose -5*q + 5*u = -0*u - 72110, 2*q = -u + 28823. What is the hundreds digit of q?
4
Suppose -5*k - 2*j - 264 = 66, k + 4*j + 66 = 0. Let q = 59 + k. Let c(x) = x**2 + 4*x + 3. What is the units digit of c(q)?
4
Let t be 5 - (-1 - -8) - -20. What is the tens digit of (-9)/(648/(-14560)) - 4/t?
0
Let p be 57/((99/(-12))/(-11)). Suppose 0 = 5*t - 4*y + 84, 0 = -4*t + 5*y - 4*y - p. What is the hundreds digit of (3 - 4)*15*348/t?
2
Suppose 37133 = 7*t - 16918 - 17671. What is the thousands digit of t?
0
Let r be 4 + -1 - (-12 - -10). Suppose -r*w = m + 98 - 393, 177 = 3*w - 2*m. Let z = w - -18. What is the units digit of z?
7
Let p = 93455 - 7257. What is the units digit of p?
8
Let r = 524 + -309. Let v(d) = -d**2 - 5*d + 14. Let a be v(-7). Suppose 3*u + 105 = f, -2*f - u + 2*u + r = a. What is the units digit of f?
8
Suppose -48*w - 16 = -44*w. What is the tens digit of 128/12*(-81)/w?
1
Let u(f) = -f**3 + 9*f**2 - 8*f - 13. Let r = 48 + -40. Let i be u(r). What is the tens digit of (-2)/i + (-594)/(-26) + -4?
1
Let w(i) = -i + 4. Let z be w(11). Let p be z/((-7)/(-20)) + 4. What is the units digit of